 of 71670?
2, 3, 5, 2389
List the prime factors of 106104.
2, 3, 4421
What are the prime factors of 17740?
2, 5, 887
What are the prime factors of 2018?
2, 1009
List the prime factors of 45262.
2, 7, 53, 61
List the prime factors of 3707.
11, 337
List the prime factors of 241.
241
What are the prime factors of 5867?
5867
List the prime factors of 3120.
2, 3, 5, 13
List the prime factors of 22188.
2, 3, 43
What are the prime factors of 8087?
8087
What are the prime factors of 16666?
2, 13, 641
List the prime factors of 1652.
2, 7, 59
What are the prime factors of 1028?
2, 257
What are the prime factors of 28377?
3, 1051
List the prime factors of 5172.
2, 3, 431
List the prime factors of 788.
2, 197
What are the prime factors of 17685?
3, 5, 131
List the prime factors of 1246.
2, 7, 89
List the prime factors of 1237.
1237
List the prime factors of 1927.
41, 47
List the prime factors of 13244.
2, 7, 11, 43
List the prime factors of 2555.
5, 7, 73
List the prime factors of 29421.
3, 7, 467
What are the prime factors of 3239?
41, 79
List the prime factors of 1414.
2, 7, 101
List the prime factors of 390.
2, 3, 5, 13
What are the prime factors of 7851?
3, 2617
What are the prime factors of 2726?
2, 29, 47
What are the prime factors of 30302?
2, 109, 139
List the prime factors of 1177.
11, 107
What are the prime factors of 20720?
2, 5, 7, 37
List the prime factors of 4951.
4951
List the prime factors of 578.
2, 17
What are the prime factors of 81276?
2, 3, 13, 521
What are the prime factors of 3895?
5, 19, 41
List the prime factors of 8741.
8741
What are the prime factors of 5275?
5, 211
List the prime factors of 379.
379
What are the prime factors of 2588?
2, 647
List the prime factors of 1687.
7, 241
List the prime factors of 69923.
7, 1427
What are the prime factors of 32150?
2, 5, 643
List the prime factors of 6898.
2, 3449
List the prime factors of 10307.
11, 937
What are the prime factors of 1497?
3, 499
What are the prime factors of 2010?
2, 3, 5, 67
List the prime factors of 6958.
2, 7, 71
What are the prime factors of 97?
97
What are the prime factors of 10707?
3, 43, 83
What are the prime factors of 8476?
2, 13, 163
List the prime factors of 36417.
3, 61, 199
List the prime factors of 23172.
2, 3, 1931
What are the prime factors of 618?
2, 3, 103
What are the prime factors of 1153?
1153
What are the prime factors of 1966?
2, 983
List the prime factors of 6511.
17, 383
List the prime factors of 5641.
5641
List the prime factors of 35099.
35099
List the prime factors of 4072.
2, 509
What are the prime factors of 11909?
11909
What are the prime factors of 3696?
2, 3, 7, 11
List the prime factors of 8680.
2, 5, 7, 31
List the prime factors of 1005.
3, 5, 67
List the prime factors of 2926.
2, 7, 11, 19
What are the prime factors of 3331?
3331
What are the prime factors of 42?
2, 3, 7
What are the prime factors of 27233?
113, 241
What are the prime factors of 31366?
2, 15683
List the prime factors of 562.
2, 281
What are the prime factors of 9537?
3, 11, 17
What are the prime factors of 661?
661
What are the prime factors of 28396?
2, 31, 229
What are the prime factors of 41938?
2, 13, 1613
List the prime factors of 53675.
5, 19, 113
What are the prime factors of 9494?
2, 47, 101
List the prime factors of 68309.
83, 823
List the prime factors of 129.
3, 43
List the prime factors of 1628.
2, 11, 37
List the prime factors of 446.
2, 223
What are the prime factors of 1694?
2, 7, 11
List the prime factors of 6447.
3, 7, 307
What are the prime factors of 246?
2, 3, 41
List the prime factors of 41.
41
List the prime factors of 3540.
2, 3, 5, 59
What are the prime factors of 4277?
7, 13, 47
What are the prime factors of 59641?
19, 43, 73
List the prime factors of 393.
3, 131
What are the prime factors of 10011?
3, 47, 71
What are the prime factors of 114?
2, 3, 19
List the prime factors of 42133.
7, 13, 463
What are the prime factors of 17127?
3, 11, 173
What are the prime factors of 16992?
2, 3, 59
List the prime factors of 2229.
3, 743
What are the prime factors of 50979?
3, 16993
List the prime factors of 70985.
5, 14197
List the prime factors of 59752.
2, 7, 11, 97
List the prime factors of 1225.
5, 7
List the prime factors of 2729.
2729
List the prime factors of 1130.
2, 5, 113
What are the prime factors of 4915?
5, 983
What are the prime factors of 1020?
2, 3, 5, 17
List the prime factors of 146814.
2, 3, 24469
List the prime factors of 339.
3, 113
What are the prime factors of 10362?
2, 3, 11, 157
What are the prime factors of 106?
2, 53
What are the prime factors of 10462?
2, 5231
What are the prime factors of 119697?
3, 17, 2347
What are the prime factors of 7144?
2, 19, 47
List the prime factors of 15262.
2, 13, 587
What are the prime factors of 31650?
2, 3, 5, 211
List the prime factors of 10084.
2, 2521
What are the prime factors of 547?
547
What are the prime factors of 1726?
2, 863
What are the prime factors of 16074?
2, 3, 19, 47
What are the prime factors of 240?
2, 3, 5
List the prime factors of 21103.
47, 449
List the prime factors of 20675.
5, 827
List the prime factors of 6316.
2, 1579
List the prime factors of 1349.
19, 71
List the prime factors of 533.
13, 41
List the prime factors of 4872.
2, 3, 7, 29
List the prime factors of 849.
3, 283
List the prime factors of 1387.
19, 73
List the prime factors of 22372.
2, 7, 17, 47
What are the prime factors of 1064?
2, 7, 19
What are the prime factors of 19335?
3, 5, 1289
List the prime factors of 6942.
2, 3, 13, 89
What are the prime factors of 17323?
17, 1019
List the prime factors of 6320.
2, 5, 79
List the prime factors of 731.
17, 43
List the prime factors of 1114.
2, 557
List the prime factors of 11652.
2, 3, 971
What are the prime factors of 14882?
2, 7, 1063
What are the prime factors of 318?
2, 3, 53
List the prime factors of 3572.
2, 19, 47
List the prime factors of 1215.
3, 5
List the prime factors of 5.
5
What are the prime factors of 80?
2, 5
List the prime factors of 2488.
2, 311
List the prime factors of 3194.
2, 1597
What are the prime factors of 29321?
109, 269
List the prime factors of 30.
2, 3, 5
What are the prime factors of 803?
11, 73
What are the prime factors of 120?
2, 3, 5
What are the prime factors of 613?
613
List the prime factors of 15324.
2, 3, 1277
What are the prime factors of 2106?
2, 3, 13
What are the prime factors of 1349?
19, 71
List the prime factors of 6744.
2, 3, 281
What are the prime factors of 28152?
2, 3, 17, 23
What are the prime factors of 9733?
9733
What are the prime factors of 56090?
2, 5, 71, 79
List the prime factors of 43554.
2, 3, 7, 17, 61
What are the prime factors of 69024?
2, 3, 719
List the prime factors of 2185.
5, 19, 23
What are the prime factors of 57974?
2, 7, 41, 101
List the prime factors of 16989.
3, 7, 809
What are the prime factors of 92?
2, 23
List the prime factors of 32.
2
What are the prime factors of 42214?
2, 21107
What are the prime factors of 420?
2, 3, 5, 7
What are the prime factors of 5577?
3, 11, 13
What are the prime factors of 50?
2, 5
List the prime factors of 4186.
2, 7, 13, 23
List the prime factors of 13933.
13933
List the prime factors of 338.
2, 13
List the prime factors of 10067.
10067
What are the prime factors of 1362?
2, 3, 227
List the prime factors of 13996.
2, 3499
List the prime factors of 22595.
5, 4519
List the prime factors of 2462.
2, 1231
List the prime factors of 834.
2, 3, 139
What are the prime factors of 22672?
2, 13, 109
What are the prime factors of 21445?
5, 4289
List the prime factors of 2300.
2, 5, 23
List the prime factors of 8814.
2, 3, 13, 113
What are the prime factors of 51460?
2, 5, 31, 83
What are the prime factors of 106592?
2, 3331
What are the prime factors of 10175?
5, 11, 37
What are the prime factors of 684?
2, 3, 19
What are the prime factors of 10314?
2, 3, 191
List the prime factors of 2895.
3, 5, 193
List the prime factors of 2449.
31, 79
What are the prime factors of 604?
2, 151
List the prime factors of 4905.
3, 5, 109
What are the prime factors of 34533?
3, 1279
List the prime factors of 2005.
5, 401
List the prime factors of 2141.
2141
List the prime factors of 12536.
2, 1567
List the prime factors of 67.
67
What are the prime factors of 6769?
7, 967
What